 0?
-14
Calculate 3 + 12 + 15 + (6 - 12).
24
Calculate (6 - -4 - (-8 - 11)) + -15 + 12.
26
What is -11 + 17 + (77 - 68)?
15
Evaluate (22 + -41 - 13) + 33 + (119 - (-1 + -1)).
122
-137 + (-13 - (37 + -130))
-57
What is -20 + 19 + -149 + 167?
17
Evaluate (-9 - -20 - 13) + 1 + 23.
22
-1691 + 1665 - ((-4 - -1) + 2 + -2)
-23
Evaluate -45 + (25 + -104 - -11 - -37).
-76
What is the value of -14 - (21 + 3 + -14 + 4 + 19)?
-47
(20 - 13) + 87 + -9 + (-2 - 3)
80
(6 - 20) + -45 + -7
-66
Calculate (11 - (-1 + -1)) + (829 - 831) + 31.
42
Calculate (125 + -10 - 186) + -9.
-80
Evaluate -12 + 2 + (41 - (52 - 97 - -79)).
-3
Calculate -42 + (-63 - -124) + 20.
39
What is the value of 11 + -1 - (30 + -44 - 25)?
49
Calculate 345 - 364 - (-63 - 1).
45
What is (15 - -3) + -3 + 0 - (-110 + 91 - 45)?
79
What is the value of 0 + -2 - 5 - (-13 - (-51 + -10 - 0))?
-55
What is the value of (-971 - -976) + (58 - -1) + 1?
65
What is the value of -113 - -32 - -38 - ((-3 - -5) + -12)?
-33
Evaluate -148 - -226 - (-7 - (1 + -37)).
49
(-19 - (39 + -59)) + -27 + 50
24
What is the value of (-17 - (-7 + -26)) + 1 + -4 + -6 - 20?
-13
Evaluate -106 + 19 + 56 + (-38 - -1).
-68
What is 3 + 53 + 1 + (-17 - -18) + 20 + -33?
45
Evaluate -17 + (-16 - 4) + (-24 - -102).
41
Evaluate -31 + -3 + (-9 - 3 - -29) + -9.
-26
-39 - -15 - -31 - 34
-27
What is (-8 - -5) + (-7 - -2) - (7 - -9)?
-24
(-57 - 11) + 59 + 0 + -8
-17
What is 419 + -421 - (3 + (-155 - 1) + 5)?
146
What is 8 - ((6 - -5) + -23 - -5 - -21)?
-6
Calculate -10 - (4 + 4 + 1 + -9 + 23).
-33
(0 - -13) + (-57 + 120 - 115)
-39
Calculate 7 + (4 - 26) + 24 + -5.
4
(7 - (16 - (9 + 0))) + -11
-11
-28 + (-55 - -23) + 43 + 5
-12
What is the value of 15 + -6 + -37 + (-42 - 12) + -1 + -11?
-94
24 + -7 - (-28 - -81)
-36
(-5 - 16) + (-1 - -18) - -43
39
Evaluate (7 - 1 - 25 - -7) + -4 + 66.
50
Calculate (-269 - -285) + -81 + -13 + (-1 - -1).
-78
What is (-2 + 49 - (1445 + -1387)) + 2 + -74 + -2?
-85
-11 - (11 + -29 + 38)
-31
What is the value of -5 - (4 + 34 + -22 + 7)?
-28
Evaluate -108 + 211 - 104 - (-10 + 2 + -4).
11
Calculate (8 - 4) + 94 + (-1064 - -1067).
101
What is the value of (-14 + 21 - 14) + -8 + (38 - 2)?
21
8 + 12 + (4 - (-15 + -1))
40
-38 - -38 - (-6 - (0 + (1 - -1))) - 7
1
What is the value of (20 - 17) + -28 + -1 + (-1 - (-1 + -12))?
-14
(-32 - (27 + -23 - 17)) + -25
-44
What is (0 - -2) + 50 + -41 - (9 - (-4 + -32))?
-34
-25 + -1 + 5 + 0 - -4
-17
What is the value of 2 - (8 - ((0 - -13) + -15))?
-8
What is -135 + 147 + (9 - -82 - 4 - (1 + 6))?
92
What is the value of -63 + (14 + (-16 - 18) - -33)?
-50
Evaluate 1 + -6 + 8 + 44 + -36 - (5 - 0).
6
What is (149 - (-90 - -147)) + -219?
-127
What is the value of -665 - -671 - (9 - 0 - (0 - -1))?
-2
Calculate -6 - (-2 - (4 + (9 - 27) + 66)).
48
Calculate -44 + (48 - 1) + 100.
103
628 - 567 - (-1 - (-24 + 2))
40
Evaluate -32 - ((12 - 0) + (310 - 295)).
-59
What is the value of 87 + -35 + -89 + 49?
12
What is 86 + (-14 + -25 - -4)?
51
1 - ((-12 - -4) + -4) - (27 - 54 - -32)
8
(1 + -29 - -9) + (9 + -2 - 4)
-16
Evaluate 26 + (-4 - 69) + 27.
-20
Evaluate 92 + 12 + -3 + 1 + 20 + (-35 - 0).
87
-21 + -2 - (-21 + -51 - -3)
46
What is the value of 87 + (-56 - (2 - 20))?
49
What is the value of 14 + (7 - -1) + (11 - 10 - 9)?
14
What is the value of -1 - -2 - 13 - (23 - (-7 - -11))?
-31
Calculate 37 + -1 + -2 - (-869 + 859).
44
Calculate 14 + (-8 + -10 - -10) + 96 + -4.
98
Evaluate -9 - -19 - 34 - 10 - (-35 + 48).
-47
Evaluate 16 + -22 + 14 + -1 + 26.
33
Calculate 219 - 198 - (16 + 8).
-3
Calculate -105 + (41 - (-71 + 38)).
-31
Calculate 4 - (15 + (-11 + 9 - -9) + 22) - 4.
-44
Calculate (0 + (-1 - -66) - (2 + 1)) + (-2386 - -2390).
66
Evaluate -48 - -46 - -45 - (0 - 3) - (-3 - -17).
32
What is (-96 - -62) + -22 + -24?
-80
What is (-286 - -200) + -3 + 47?
-42
Calculate 49 - 7 - (-49 + 57 - (-5 - 8)).
21
-3 - 1 - (-9114 + 9136)
-26
Calculate -110 - (3 - 70 - -6).
-49
What is the value of (14 + -81 - (2 + 7 + -2)) + (90 - 100)?
-84
What is the value of (-2 - -22 - -3) + (58 + -112 - -42) + -20?
-9
Calculate 19 - (-5 - (-149 - -7) - (-3 + -23)).
-144
Calculate -23 - (-13 - 12 - (1 + -13)) - -26.
16
What is the value of -1 - (101 - 110 - (10 + -15 + (1 - 2)))?
2
What is the value of -2 - (62 + -79 - -97)?
-82
What is the value of (23 + 0 + -2 - 2) + (-40 - (36 + -70))?
13
Evaluate -24 + (-37 - -47) + 0.
-14
Evaluate (86 - 7) + -31 + (-27 - -95) + -31.
85
What is (25 - 10) + 9 + -11 - ((19 - 3) + 102)?
-105
Calculate -1 + (0 - 11) - (35385 - 35435).
38
What is -1 + -1 - 3 - (188 - (181 - -51))?
39
Calculate -78 - (1 + 11 - (284 - 312)).
-118
What is the value of -6 + 1 - ((-6 - 62) + 7 + 13 + -1)?
44
What is the value of (17 - 1) + -534 + 521?
3
What is 69 - (64 + (-33 - 30))?
68
Evaluate -127 + (-28 + -13 - -39) + 13.
-116
What is the value of -1 + 16 - (-65 + -14 + 84)?
10
Evaluate -1 + 0 - (-237 + 131 - -130).
-25
Evaluate -34 + (35 - (58 - -5)) - 22.
-84
-154 + (11 + 138 - 118)
-123
What is the value of (13 - (10 + 8 + 31)) + 17 + -23?
-42
What is -34 + -1 + -19 + (-7 - -27)?
-34
What is the value of 6 - -10 - (206 + -163)?
-27
What is (-118 - -103) + -2 + (-31 - 3)?
-51
Evaluate (8 - 6) + (49 - 39).
12
(-32 - -73) + -39 - (-2 - (-68 - -1))
-63
Calculate 0 + -7 + (86 - (-33 - -85 - 6)).
33
What is 16 - (-12 + (5 - -31 - 18))?
10
Calculate (13 - (-20 + (-17 + -4 - -53))) + 66.
67
What is -18 - (-37 + 9 + 22 + 17)?
-29
Evaluate -192 - ((53 - 42) + -148).
-55
Calculate 18 - (47 + -13 + 16).
-32
Calculate -1080 + 1142 - (107 - 9).
-36
What is (-9 - -13) + (-5 + 13 - 4 - (108 - 14))?
-86
86 + (-8 + -4 + 7 - (11 + (-7 - 1)))
78
What is the value of -140 - (131 - 241) - (-22 + -1)?
-7
Calculate 51 + 4 + -13 + 30 - -16.
88
(-5 - (-20 - 6 - -8)) + 0 + -52
-39
Evaluate (10 - (-6 - -7)) + 44 + 2 + -26 + 30.
59
What is the value of -24 - (24 - 1 - (-96 + (45 - 4)))?
-102
Evaluate 15 - -2 - (8 - (8 + -17)).
0
(-99 - (11 - (21 + 0)) - 9) + 2 + 0
-96
-9 - (-69 + (23 - 27) - -18)
46
Evaluate (22 - -43 - 46) + -24.
-5
What is the value of -25 + 37 + 11 - -71 - -22?
116
Calculate 18 + 41 + 16 - 17 - (31 + -25).
52
(-223 - -152) + (-3 - -143)
69
What is (147 + -64 - 137) + -11?
-65
Evaluate 10 + (-6 + -3 + 10 - 2 - -4) + 10.
23
What is (24 - 41 - -21 - 42) + 60?
22
Evaluate 245 - 278 - (-3 + -3) - -1.
-26
Calculate (1 + (-4 - 21) - -3) + 3.
-18
What is -45 + (-13 - (7 - 11) - -17)?
-37
Evaluate -24 - (-31 - -32) - (3 - 40).
12
Calculate (0 - (24 + 18) - (-5 + 9)) + 10.
-36
Evaluate (0 - -16 - 18) + (-3 - (26 - 0)).
-31
What is -5 + (-6 + 0 + 30 - (7 + (-19 - -9)))?
22
What is the value of 80 + -9 + -37 - -19?
53
What is -1010 + 932 - (-29 + 6 + (0 - 0))?
-55
Evaluate 11 + (1 - 2 - (-17 + 80 + -10 + -16)).
-27
What is -121 - -2 - (3 + -5) - (29265 - 29261)?
-121
Evaluate 34 + -49 + (6 - -32) + 1.
24
What is the value of -21 - -19 - 18 - (-4 + -72)?
56
Calculate 50 + (-3 - -1) - (-173 - -227 - 41).
35
Calculate 27 + -28 + 4 + -12 + (-16 - (-1 + -13)).
-11
5 + 0 + -1 - (-133 + 149 + -27)
15
Calculate (478 - 479) + (-116 - -2) + (11 - (5 - -3)).
-112
What is (3 + 11 + 2 - 2) + -1 + 8?
21
-8 - 45 - (-79 + -20)
46
What is -79 - (-56 + (7 - 58))?
28
What is -4 + (-32 - (-30 + 38)) - 2?
-46
Calculate 6 + (24 + -14 - 32) + (-5 - -73).
52
What is 17 + (-108 - -22 - -2)?
-67
Calculate -37 + 73 + 29 - (24 - (9 - 7)).
43
6 + -27 + (3 + 16 - 17 - (13 - 2))
-30
(4 - (35 - 12)) + (0 - -4)
-15
What is 14 + -33 + 42 + -37?
-14
Calculate -13 + (12 - (3 + -28)) - 81.
-57
What is -3 + (-40 - (-51 - -33)) + (2 - (11 - -3))?
-37
What is the value of (76 + -47 - 49) + -2 + -34 + -3?
-59
Evaluate (44 + -125 + 99 - (14 + -1)) + 1 + -1.
5
-2 - -24 - (480 + -500)
42
Evaluate 21 - (-8 + 19 + 4 - (1 - -4)) - -35.
46
18 + -7 + (-5 + (-11 - -25) - (1 - -4))
15
Calculate (-1 - (3 + (-11 - 4 - 0))) + -42.
-31
What is the value of 7 - 0 - ((-19 - -4 - -20) + -38)?
40
Calculate 75 + (-18 - -5) + (-8 - (-27 + 12) - -14).
83
Calculate -56 - ((18 - -20) + -76).
-18
Evaluate -24 + 12 - (7 + (-24 - (2 + 1))).
8
Calculate -7 + 25 + (-35 - (-33 + 21)).
-5
What is (-36 - -38) + (21 - 5) - (-30 + 20)?
28
Calculate -521 + 529 + -36 + 6.
-22
Evaluate -98 + 85 + -199 + 145.
-67
What is the value of (1 - -28 - (-4 + -12)) + -15?
30
(57 - (32 - 74) - (-3 + 29)) + -